{"id":2923,"date":"2019-11-24T10:16:26","date_gmt":"2019-11-24T09:16:26","guid":{"rendered":"https:\/\/soleum.com\/treatment\/haloterapia-de-inhalacion-de-sal-seca\/"},"modified":"2019-11-24T10:16:28","modified_gmt":"2019-11-24T09:16:28","slug":"haloterapia-de-inhalacion-de-sal-seca","status":"publish","type":"avada_portfolio","link":"https:\/\/soleum.com\/es\/produkte\/haloterapia-de-inhalacion-de-sal-seca\/","title":{"rendered":"Haloterapia de Inhalaci\u00f3n de Sal Seca"},"content":{"rendered":"<div class=\"fusion-fullwidth fullwidth-box fusion-builder-row-1 hundred-percent-fullwidth non-hundred-percent-height-scrolling fusion-equal-height-columns\" style=\"--awb-background-position:left top;--awb-border-radius-top-left:0px;--awb-border-radius-top-right:0px;--awb-border-radius-bottom-right:0px;--awb-border-radius-bottom-left:0px;--awb-padding-top:0px;--awb-padding-right:0px;--awb-padding-bottom:0px;--awb-padding-left:0px;--awb-border-sizes-top:0px;--awb-border-sizes-bottom:0px;--awb-flex-wrap:wrap;\" ><div class=\"fusion-builder-row fusion-row\"><div class=\"fusion-layout-column fusion_builder_column fusion-builder-column-0 fusion_builder_column_1_2 1_2 fusion-one-half fusion-column-first\" style=\"--awb-padding-top:80px;--awb-padding-right:10%;--awb-padding-bottom:70px;--awb-padding-left:10%;--awb-bg-size:cover;--awb-margin-top:0px;--awb-margin-bottom:0px;\"><div class=\"fusion-column-wrapper fusion-flex-column-wrapper-legacy\"><div class=\"fusion-text fusion-text-1\"><h3>Haloterapia de Inhalaci\u00f3n de Sal Seca<\/h3>\n<\/div><div class=\"fusion-sep-clear\"><\/div><div class=\"fusion-separator fusion-has-icon fusion-clearfix\" style=\"float:left;margin-top:3%;margin-bottom:50px;width:100%;max-width:500px;\"><div class=\"fusion-separator-border sep-single sep-solid\" style=\"--awb-height:20px;--awb-amount:20px;border-color:#b9afa1;border-top-width:1px;\"><\/div><span class=\"icon-wrapper\" style=\"border-color:transparent;font-size:18px;width: 1.75em; height: 1.75em;border-width:1px;padding:1px;margin-top:-0.5px\"><i class=\"fa-pagelines fab\" style=\"font-size: inherit;color:#b9afa1;\" aria-hidden=\"true\"><\/i><\/span><div class=\"fusion-separator-border sep-single sep-solid\" style=\"--awb-height:20px;--awb-amount:20px;border-color:#b9afa1;border-top-width:1px;\"><\/div><\/div><div class=\"fusion-sep-clear\"><\/div><div class=\"fusion-text fusion-text-2\"><p>En su forma seca, la sal posee el mayor efecto curativo sobre el sistema respiratorio y sobre la piel. Las part\u00edculas de sal microsc\u00f3picamente finas son insufladas en SOLEUM\u00ae Health SPA utilizando una t\u00e9cnica patentada.<\/p>\n<p>Mediante investigaciones cient\u00edficas se ha conocido que las part\u00edculas de sal seca inhaladas poseen propiedades bactericidas, mucocin\u00e9ticas, hidrof\u00edlicas y antiinflamatorias, que pueden ayudar a reducir la inflamaci\u00f3n del tracto respiratorio y ampliar los conductos de aire. Es tambi\u00e9n conocido que las part\u00edculas de sal seca aceleran el movimiento del moco, la eliminaci\u00f3n de alquitr\u00e1n residual, as\u00ed como otros al\u00e9rgenos extra\u00f1os. Un sistema respiratorio limpio da como resultado una mayor ingesta de ox\u00edgeno, mayor energ\u00eda y un sistema inmunol\u00f3gico mejorado, todo ello de una forma natural.<\/p>\n<p>La sal seca tiene un gran poder de absorci\u00f3n y act\u00faa como una esponja, atrayendo sustancias extra\u00f1as a lo largo de su camino a trav\u00e9s del tracto respiratorio. Se puede pensar que la sal seca se comporta como un cepillo de dientes que limpia el sistema respiratorio, eliminando la acumulaci\u00f3n de elementos extra\u00f1os causantes de diversas afecciones y enfermedades respiratorias. Unos pulmones limpios son unos pulmones sanos.<\/p>\n<\/div><div class=\"fusion-image-element fusion-image-align-center in-legacy-container\" style=\"text-align:center;--awb-caption-title-font-family:var(--h2_typography-font-family);--awb-caption-title-font-weight:var(--h2_typography-font-weight);--awb-caption-title-font-style:var(--h2_typography-font-style);--awb-caption-title-size:var(--h2_typography-font-size);--awb-caption-title-transform:var(--h2_typography-text-transform);--awb-caption-title-line-height:var(--h2_typography-line-height);--awb-caption-title-letter-spacing:var(--h2_typography-letter-spacing);\"><div class=\"imageframe-align-center\"><span class=\" fusion-imageframe imageframe-none imageframe-1 hover-type-none\"><img decoding=\"async\" width=\"129\" height=\"110\" alt=\"soleum omega\" title=\"Omega-Trennzeichen-2\" src=\"https:\/\/soleum.com\/wp-content\/uploads\/2019\/10\/Omega-Trennzeichen-2.webp\" class=\"img-responsive wp-image-2924\"\/><\/span><\/div><\/div>\n<div class=\"fusion-video fusion-youtube fusion-aligncenter\" style=\"--awb-max-width:600px;--awb-max-height:360px;--awb-width:100%;\"><div class=\"video-shortcode\"><div class=\"fluid-width-video-wrapper\" style=\"padding-top:60%;\" ><iframe title=\"YouTube video player 1\" src=\"https:\/\/www.youtube.com\/embed\/PX9ObRaBUaQ?wmode=transparent&autoplay=0\" width=\"600\" height=\"360\" allowfullscreen allow=\"autoplay; clipboard-write; encrypted-media; gyroscope; picture-in-picture;\"><\/iframe><\/div><\/div><\/div><div class=\"fusion-image-element fusion-image-align-center in-legacy-container\" style=\"text-align:center;--awb-caption-title-font-family:var(--h2_typography-font-family);--awb-caption-title-font-weight:var(--h2_typography-font-weight);--awb-caption-title-font-style:var(--h2_typography-font-style);--awb-caption-title-size:var(--h2_typography-font-size);--awb-caption-title-transform:var(--h2_typography-text-transform);--awb-caption-title-line-height:var(--h2_typography-line-height);--awb-caption-title-letter-spacing:var(--h2_typography-letter-spacing);\"><div class=\"imageframe-align-center\"><span class=\" fusion-imageframe imageframe-none imageframe-2 hover-type-none\"><img decoding=\"async\" width=\"129\" height=\"110\" alt=\"soleum omega\" title=\"Omega-Trennzeichen-2\" src=\"https:\/\/soleum.com\/wp-content\/uploads\/2019\/10\/Omega-Trennzeichen-2.webp\" class=\"img-responsive wp-image-2924\"\/><\/span><\/div><\/div>\n<ul style=\"--awb-size:18px;--awb-iconcolor:#e5aa06;--awb-line-height:30.6px;--awb-icon-width:30.6px;--awb-icon-height:30.6px;--awb-icon-margin:12.6px;--awb-content-margin:43.2px;\" class=\"fusion-checklist fusion-checklist-1 fusion-checklist-default type-icons\"><li class=\"fusion-li-item\" style=\"\"><span class=\"icon-wrapper circle-no\"><i class=\"fusion-li-icon fa-angle-right fas\" aria-hidden=\"true\"><\/i><\/span><div class=\"fusion-li-item-content\">\n<p>Alivio de enfermedades pulmonares, otorrinolaringol\u00f3gicas y cut\u00e1neas<\/p>\n<\/div><\/li><li class=\"fusion-li-item\" style=\"\"><span class=\"icon-wrapper circle-no\"><i class=\"fusion-li-icon fa-angle-right fas\" aria-hidden=\"true\"><\/i><\/span><div class=\"fusion-li-item-content\">\n<p>Enfermedades respiratorias inflamatorias como el asma o la bronquitis cr\u00f3nica<\/p>\n<\/div><\/li><li class=\"fusion-li-item\" style=\"\"><span class=\"icon-wrapper circle-no\"><i class=\"fusion-li-icon fa-angle-right fas\" aria-hidden=\"true\"><\/i><\/span><div class=\"fusion-li-item-content\">\n<p>Prevenci\u00f3n de resfriados e infecciones causadas por virus<\/p>\n<\/div><\/li><li class=\"fusion-li-item\" style=\"\"><span class=\"icon-wrapper circle-no\"><i class=\"fusion-li-icon fa-angle-right fas\" aria-hidden=\"true\"><\/i><\/span><div class=\"fusion-li-item-content\">\n<p>Fiebre del heno, rinitis al\u00e9rgica<\/p>\n<\/div><\/li><li class=\"fusion-li-item\" style=\"\"><span class=\"icon-wrapper circle-no\"><i class=\"fusion-li-icon fa-angle-right fas\" aria-hidden=\"true\"><\/i><\/span><div class=\"fusion-li-item-content\">\n<p>Ayuda para dejar de fumar<\/p>\n<\/div><\/li><li class=\"fusion-li-item\" style=\"\"><span class=\"icon-wrapper circle-no\"><i class=\"fusion-li-icon fa-angle-right fas\" aria-hidden=\"true\"><\/i><\/span><div class=\"fusion-li-item-content\">\n<p>Mejora la defensa contra alergias causadas por al\u00e9rgenos<\/p>\n<\/div><\/li><li class=\"fusion-li-item\" style=\"\"><span class=\"icon-wrapper circle-no\"><i class=\"fusion-li-icon fa-angle-right fas\" aria-hidden=\"true\"><\/i><\/span><div class=\"fusion-li-item-content\">\n<p>Eczema, acn\u00e9 y otras enfermedades de la piel<\/p>\n<\/div><\/li><li class=\"fusion-li-item\" style=\"\"><span class=\"icon-wrapper circle-no\"><i class=\"fusion-li-icon fa-angle-right fas\" aria-hidden=\"true\"><\/i><\/span><div class=\"fusion-li-item-content\">\n<p>Trastornos del sue\u00f1o, cansancio, estr\u00e9s<\/p>\n<\/div><\/li><li class=\"fusion-li-item\" style=\"\"><span class=\"icon-wrapper circle-no\"><i class=\"fusion-li-icon fa-angle-right fas\" aria-hidden=\"true\"><\/i><\/span><div class=\"fusion-li-item-content\">\n<p>Mejora la funci\u00f3n pulmonar y fortalece el sistema inmunitario<\/p>\n<\/div><\/li><\/ul><div class=\"fusion-text fusion-text-3\"><p>Sn los pacientes con enfermedades respiratorias quienes aprecian especialmente el efecto saludable de la sal: como m\u00e9todo no invasivo y completamente natural, los m\u00e9dicos y los profesionales en medicina alternativa, recomiendan la haloterapia tanto para el asma como para la bronquitis.<\/p>\n<\/div><div class=\"fusion-image-element in-legacy-container\" style=\"--awb-caption-title-font-family:var(--h2_typography-font-family);--awb-caption-title-font-weight:var(--h2_typography-font-weight);--awb-caption-title-font-style:var(--h2_typography-font-style);--awb-caption-title-size:var(--h2_typography-font-size);--awb-caption-title-transform:var(--h2_typography-text-transform);--awb-caption-title-line-height:var(--h2_typography-line-height);--awb-caption-title-letter-spacing:var(--h2_typography-letter-spacing);\"><span class=\" fusion-imageframe imageframe-none imageframe-3 hover-type-none\"><img decoding=\"async\" width=\"600\" height=\"399\" alt=\"Haloterapia de Inhalaci\u00f3n de Sal Seca\" title=\"Auslass-Trockensalz\" src=\"https:\/\/soleum.com\/wp-content\/uploads\/2019\/10\/Auslass-Trockensalz.webp\" class=\"img-responsive wp-image-1084\" srcset=\"https:\/\/soleum.com\/wp-content\/uploads\/2019\/10\/Auslass-Trockensalz-200x133.jpg 200w, https:\/\/soleum.com\/wp-content\/uploads\/2019\/10\/Auslass-Trockensalz-400x266.jpg 400w, https:\/\/soleum.com\/wp-content\/uploads\/2019\/10\/Auslass-Trockensalz.webp 600w\" sizes=\"(max-width: 1050px) 100vw, 600px\" \/><\/span><\/div><div class=\"fusion-text fusion-text-4\"><p>Puede encontrar aqu\u00ed m\u00e1s informaci\u00f3n acerca de la  Haloterapia: <a href=\"https:\/\/www.salttherapyassociation.org\/\" target=\"_blank\" rel=\"noopener\">https:\/\/www.salttherapyassociation.org\/<\/a><\/p>\n<\/div><div class=\"fusion-clearfix\"><\/div><\/div><\/div><div class=\"fusion-layout-column fusion_builder_column fusion-builder-column-1 fusion_builder_column_1_2 1_2 fusion-one-half fusion-column-last fusion-animated\" style=\"--awb-bg-image:url(&#039;https:\/\/soleum.com\/wp-content\/uploads\/2019\/10\/trockensalzinhalation-halotherapie.jpg&#039;);--awb-bg-position:center center;--awb-bg-size:cover;--awb-margin-top:0px;--awb-margin-bottom:0px;\" data-animationType=\"fadeInLeft\" data-animationDuration=\"0.6\" data-animationOffset=\"top-into-view\"><div class=\"fusion-column-wrapper fusion-column-has-shadow fusion-flex-column-wrapper-legacy fusion-empty-column-bg-image fusion-column-has-bg-image\" data-bg-url=\"https:\/\/soleum.com\/wp-content\/uploads\/2019\/10\/trockensalzinhalation-halotherapie.jpg\"><img decoding=\"async\" class=\"fusion-empty-dims-img-placeholder fusion-no-large-visibility\" src=\"data:image\/gif;base64,R0lGODlhAQABAAAAACH5BAEKAAEALAAAAAABAAEAAAICTAEAOw==\" alt=\"\" title=\"\"><div class=\"fusion-clearfix\"><\/div><\/div><\/div><\/div><\/div>\n","protected":false},"excerpt":{"rendered":"<p>En su forma seca, la sal posee el mayor efecto curativo sobre el sistema respiratorio y sobre la piel. Las part\u00edculas de sal microsc\u00f3picamente finas son insufladas en SOLEUM\u00ae Health SPA utilizando una t\u00e9cnica patentada.<\/p>\n","protected":false},"author":1,"featured_media":2925,"menu_order":2,"comment_status":"closed","ping_status":"closed","template":"","format":"standard","meta":{"_exactmetrics_skip_tracking":false,"_exactmetrics_sitenote_active":false,"_exactmetrics_sitenote_note":"","_exactmetrics_sitenote_category":0,"footnotes":""},"portfolio_category":[487],"portfolio_skills":[],"portfolio_tags":[504,506,500,502,503,501,499,505,497,496,498],"class_list":["post-2923","avada_portfolio","type-avada_portfolio","status-publish","format-standard","has-post-thumbnail","hentry","portfolio_category-soleum-las-caracteristicas-del-producto","portfolio_tags-aerosol-de-sal-seca","portfolio_tags-camara-de-sal","portfolio_tags-clima-maritimo","portfolio_tags-halogenerador","portfolio_tags-halogenerador-de-soleum","portfolio_tags-haloterapia","portfolio_tags-haloterapia-de-inhalacion-de-sal-seca","portfolio_tags-sala-de-sal","portfolio_tags-talaso","portfolio_tags-talasoterapia","portfolio_tags-terapia-de-la-sal"],"_links":{"self":[{"href":"https:\/\/soleum.com\/es\/wp-json\/wp\/v2\/avada_portfolio\/2923","targetHints":{"allow":["GET"]}}],"collection":[{"href":"https:\/\/soleum.com\/es\/wp-json\/wp\/v2\/avada_portfolio"}],"about":[{"href":"https:\/\/soleum.com\/es\/wp-json\/wp\/v2\/types\/avada_portfolio"}],"author":[{"embeddable":true,"href":"https:\/\/soleum.com\/es\/wp-json\/wp\/v2\/users\/1"}],"replies":[{"embeddable":true,"href":"https:\/\/soleum.com\/es\/wp-json\/wp\/v2\/comments?post=2923"}],"version-history":[{"count":0,"href":"https:\/\/soleum.com\/es\/wp-json\/wp\/v2\/avada_portfolio\/2923\/revisions"}],"wp:featuredmedia":[{"embeddable":true,"href":"https:\/\/soleum.com\/es\/wp-json\/wp\/v2\/media\/2925"}],"wp:attachment":[{"href":"https:\/\/soleum.com\/es\/wp-json\/wp\/v2\/media?parent=2923"}],"wp:term":[{"taxonomy":"portfolio_category","embeddable":true,"href":"https:\/\/soleum.com\/es\/wp-json\/wp\/v2\/portfolio_category?post=2923"},{"taxonomy":"portfolio_skills","embeddable":true,"href":"https:\/\/soleum.com\/es\/wp-json\/wp\/v2\/portfolio_skills?post=2923"},{"taxonomy":"portfolio_tags","embeddable":true,"href":"https:\/\/soleum.com\/es\/wp-json\/wp\/v2\/portfolio_tags?post=2923"}],"curies":[{"name":"wp","href":"https:\/\/api.w.org\/{rel}","templated":true}]}}

Haloterapia de Inhalación de Sal Seca

<div class="fusion-fullwidth fullwidth-box fusion-builder-row-1 hundred-percent-fullwidth non-hundred-percent-height-scrolling fusion-equal-height-columns" style="--awb-background-position:left top;--awb-border-radius-top-left:0px;--awb-border-radius-top-right:0px;--awb-border-radius-bottom-right:0px;--awb-border-radius-bottom-left:0px;--awb-padding-top:0px;--awb-padding-right:0px;--awb-padding-bottom:0px;--awb-padding-left:0px;--awb-border-sizes-top:0px;--awb-border-sizes-bottom:0px;--awb-flex-wrap:wrap;" ><div class="fusion-builder-row fusion-row"><div class="fusion-layout-column fusion_builder_column fusion-builder-column-0 fusion_builder_column_1_2 1_2 fusion-one-half fusion-column-first" style="--awb-padding-top:80px;--awb-padding-right:10%;--awb-padding-bottom:70px;--awb-padding-left:10%;--awb-bg-size:cover;--awb-margin-top:0px;--awb-margin-bottom:0px;"><div class="fusion-column-wrapper fusion-flex-column-wrapper-legacy"><div class="fusion-text fusion-text-1"><h3>Haloterapia de Inhalación de Sal Seca</h3>
</div><div class="fusion-sep-clear"></div><div class="fusion-separator fusion-has-icon fusion-clearfix" style="float:left;margin-top:3%;margin-bottom:50px;width:100%;max-width:500px;"><div class="fusion-separator-border sep-single sep-solid" style="--awb-height:20px;--awb-amount:20px;border-color:#b9afa1;border-top-width:1px;"></div><span class="icon-wrapper" style="border-color:transparent;font-size:18px;width: 1.75em; height: 1.75em;border-width:1px;padding:1px;margin-top:-0.5px"><i class="fa-pagelines fab" style="font-size: inherit;color:#b9afa1;" aria-hidden="true"></i></span><div class="fusion-separator-border sep-single sep-solid" style="--awb-height:20px;--awb-amount:20px;border-color:#b9afa1;border-top-width:1px;"></div></div><div class="fusion-sep-clear"></div><div class="fusion-text fusion-text-2"><p>En su forma seca, la sal posee el mayor efecto curativo sobre el sistema respiratorio y sobre la piel. Las partículas de sal microscópicamente finas son insufladas en SOLEUM® Health SPA utilizando una técnica patentada.</p>
<p>Mediante investigaciones científicas se ha conocido que las partículas de sal seca inhaladas poseen propiedades bactericidas, mucocinéticas, hidrofílicas y antiinflamatorias, que pueden ayudar a reducir la inflamación del tracto respiratorio y ampliar los conductos de aire. Es también conocido que las partículas de sal seca aceleran el movimiento del moco, la eliminación de alquitrán residual, así como otros alérgenos extraños. Un sistema respiratorio limpio da como resultado una mayor ingesta de oxígeno, mayor energía y un sistema inmunológico mejorado, todo ello de una forma natural.</p>
<p>La sal seca tiene un gran poder de absorción y actúa como una esponja, atrayendo sustancias extrañas a lo largo de su camino a través del tracto respiratorio. Se puede pensar que la sal seca se comporta como un cepillo de dientes que limpia el sistema respiratorio, eliminando la acumulación de elementos extraños causantes de diversas afecciones y enfermedades respiratorias. Unos pulmones limpios son unos pulmones sanos.</p>
</div><div class="fusion-image-element fusion-image-align-center in-legacy-container" style="text-align:center;--awb-caption-title-font-family:var(--h2_typography-font-family);--awb-caption-title-font-weight:var(--h2_typography-font-weight);--awb-caption-title-font-style:var(--h2_typography-font-style);--awb-caption-title-size:var(--h2_typography-font-size);--awb-caption-title-transform:var(--h2_typography-text-transform);--awb-caption-title-line-height:var(--h2_typography-line-height);--awb-caption-title-letter-spacing:var(--h2_typography-letter-spacing);"><div class="imageframe-align-center"><span class=" fusion-imageframe imageframe-none imageframe-1 hover-type-none"><img decoding="async" width="129" height="110" alt="soleum omega" title="Omega-Trennzeichen-2" src="https://soleum.com/wp-content/uploads/2019/10/Omega-Trennzeichen-2.webp" class="img-responsive wp-image-2924"/></span></div></div>
<div class="fusion-video fusion-youtube fusion-aligncenter" style="--awb-max-width:600px;--awb-max-height:360px;--awb-width:100%;"><div class="video-shortcode"><div class="fluid-width-video-wrapper" style="padding-top:60%;" ><iframe title="YouTube video player 1" src="https://www.youtube.com/embed/PX9ObRaBUaQ?wmode=transparent&autoplay=0" width="600" height="360" allowfullscreen allow="autoplay; clipboard-write; encrypted-media; gyroscope; picture-in-picture;"></iframe></div></div></div><div class="fusion-image-element fusion-image-align-center in-legacy-container" style="text-align:center;--awb-caption-title-font-family:var(--h2_typography-font-family);--awb-caption-title-font-weight:var(--h2_typography-font-weight);--awb-caption-title-font-style:var(--h2_typography-font-style);--awb-caption-title-size:var(--h2_typography-font-size);--awb-caption-title-transform:var(--h2_typography-text-transform);--awb-caption-title-line-height:var(--h2_typography-line-height);--awb-caption-title-letter-spacing:var(--h2_typography-letter-spacing);"><div class="imageframe-align-center"><span class=" fusion-imageframe imageframe-none imageframe-2 hover-type-none"><img decoding="async" width="129" height="110" alt="soleum omega" title="Omega-Trennzeichen-2" src="https://soleum.com/wp-content/uploads/2019/10/Omega-Trennzeichen-2.webp" class="img-responsive wp-image-2924"/></span></div></div>
<ul style="--awb-size:18px;--awb-iconcolor:#e5aa06;--awb-line-height:30.6px;--awb-icon-width:30.6px;--awb-icon-height:30.6px;--awb-icon-margin:12.6px;--awb-content-margin:43.2px;" class="fusion-checklist fusion-checklist-1 fusion-checklist-default type-icons"><li class="fusion-li-item" style=""><span class="icon-wrapper circle-no"><i class="fusion-li-icon fa-angle-right fas" aria-hidden="true"></i></span><div class="fusion-li-item-content">
<p>Alivio de enfermedades pulmonares, otorrinolaringológicas y cutáneas</p>
</div></li><li class="fusion-li-item" style=""><span class="icon-wrapper circle-no"><i class="fusion-li-icon fa-angle-right fas" aria-hidden="true"></i></span><div class="fusion-li-item-content">
<p>Enfermedades respiratorias inflamatorias como el asma o la bronquitis crónica</p>
</div></li><li class="fusion-li-item" style=""><span class="icon-wrapper circle-no"><i class="fusion-li-icon fa-angle-right fas" aria-hidden="true"></i></span><div class="fusion-li-item-content">
<p>Prevención de resfriados e infecciones causadas por virus</p>
</div></li><li class="fusion-li-item" style=""><span class="icon-wrapper circle-no"><i class="fusion-li-icon fa-angle-right fas" aria-hidden="true"></i></span><div class="fusion-li-item-content">
<p>Fiebre del heno, rinitis alérgica</p>
</div></li><li class="fusion-li-item" style=""><span class="icon-wrapper circle-no"><i class="fusion-li-icon fa-angle-right fas" aria-hidden="true"></i></span><div class="fusion-li-item-content">
<p>Ayuda para dejar de fumar</p>
</div></li><li class="fusion-li-item" style=""><span class="icon-wrapper circle-no"><i class="fusion-li-icon fa-angle-right fas" aria-hidden="true"></i></span><div class="fusion-li-item-content">
<p>Mejora la defensa contra alergias causadas por alérgenos</p>
</div></li><li class="fusion-li-item" style=""><span class="icon-wrapper circle-no"><i class="fusion-li-icon fa-angle-right fas" aria-hidden="true"></i></span><div class="fusion-li-item-content">
<p>Eczema, acné y otras enfermedades de la piel</p>
</div></li><li class="fusion-li-item" style=""><span class="icon-wrapper circle-no"><i class="fusion-li-icon fa-angle-right fas" aria-hidden="true"></i></span><div class="fusion-li-item-content">
<p>Trastornos del sueño, cansancio, estrés</p>
</div></li><li class="fusion-li-item" style=""><span class="icon-wrapper circle-no"><i class="fusion-li-icon fa-angle-right fas" aria-hidden="true"></i></span><div class="fusion-li-item-content">
<p>Mejora la función pulmonar y fortalece el sistema inmunitario</p>
</div></li></ul><div class="fusion-text fusion-text-3"><p>Sn los pacientes con enfermedades respiratorias quienes aprecian especialmente el efecto saludable de la sal: como método no invasivo y completamente natural, los médicos y los profesionales en medicina alternativa, recomiendan la haloterapia tanto para el asma como para la bronquitis.</p>
</div><div class="fusion-image-element in-legacy-container" style="--awb-caption-title-font-family:var(--h2_typography-font-family);--awb-caption-title-font-weight:var(--h2_typography-font-weight);--awb-caption-title-font-style:var(--h2_typography-font-style);--awb-caption-title-size:var(--h2_typography-font-size);--awb-caption-title-transform:var(--h2_typography-text-transform);--awb-caption-title-line-height:var(--h2_typography-line-height);--awb-caption-title-letter-spacing:var(--h2_typography-letter-spacing);"><span class=" fusion-imageframe imageframe-none imageframe-3 hover-type-none"><img decoding="async" width="600" height="399" alt="Haloterapia de Inhalación de Sal Seca" title="Auslass-Trockensalz" src="https://soleum.com/wp-content/uploads/2019/10/Auslass-Trockensalz.webp" class="img-responsive wp-image-1084" srcset="https://soleum.com/wp-content/uploads/2019/10/Auslass-Trockensalz-200x133.jpg 200w, https://soleum.com/wp-content/uploads/2019/10/Auslass-Trockensalz-400x266.jpg 400w, https://soleum.com/wp-content/uploads/2019/10/Auslass-Trockensalz.webp 600w" sizes="(max-width: 1050px) 100vw, 600px" /></span></div><div class="fusion-text fusion-text-4"><p>Puede encontrar aquí más información acerca de la  Haloterapia: <a href="https://www.salttherapyassociation.org/" target="_blank" rel="noopener">https://www.salttherapyassociation.org/</a></p>
</div><div class="fusion-clearfix"></div></div></div><div class="fusion-layout-column fusion_builder_column fusion-builder-column-1 fusion_builder_column_1_2 1_2 fusion-one-half fusion-column-last fusion-animated" style="--awb-bg-image:url(&#039;https://soleum.com/wp-content/uploads/2019/10/trockensalzinhalation-halotherapie.jpg&#039;);--awb-bg-position:center center;--awb-bg-size:cover;--awb-margin-top:0px;--awb-margin-bottom:0px;" data-animationType="fadeInLeft" data-animationDuration="0.6" data-animationOffset="top-into-view"><div class="fusion-column-wrapper fusion-column-has-shadow fusion-flex-column-wrapper-legacy fusion-empty-column-bg-image fusion-column-has-bg-image" data-bg-url="https://soleum.com/wp-content/uploads/2019/10/trockensalzinhalation-halotherapie.jpg"><img decoding="async" class="fusion-empty-dims-img-placeholder fusion-no-large-visibility" src="data:image/gif;base64,R0lGODlhAQABAAAAACH5BAEKAAEALAAAAAABAAEAAAICTAEAOw==" alt="" title=""><div class="fusion-clearfix"></div></div></div></div></div>

<p>En su forma seca, la sal posee el mayor efecto curativo sobre el sistema respiratorio y sobre la piel. Las partículas de sal microscópicamente finas son insufladas en SOLEUM® Health SPA utilizando una técnica patentada.</p>
