{"id":16723,"date":"2024-11-14T08:21:28","date_gmt":"2024-11-14T07:21:28","guid":{"rendered":"https:\/\/soleum.com\/kuelteri-gozfuerdok-arjegyzeke\/"},"modified":"2024-11-14T08:21:29","modified_gmt":"2024-11-14T07:21:29","slug":"kuelteri-gozfuerdok-arjegyzeke","status":"publish","type":"page","link":"https:\/\/soleum.com\/hu\/kuelteri-gozfuerdok-arjegyzeke\/","title":{"rendered":"K\u00fclt\u00e9ri g\u0151zf\u00fcrd\u0151k \u00e1rjegyz\u00e9ke"},"content":{"rendered":"<div class=\"fusion-fullwidth fullwidth-box fusion-builder-row-1 fusion-flex-container nonhundred-percent-fullwidth non-hundred-percent-height-scrolling\" style=\"--awb-border-radius-top-left:0px;--awb-border-radius-top-right:0px;--awb-border-radius-bottom-right:0px;--awb-border-radius-bottom-left:0px;--awb-flex-wrap:wrap;\" ><div class=\"fusion-builder-row fusion-row fusion-flex-align-items-flex-start fusion-flex-content-wrap\" style=\"max-width:1216.8px;margin-left: calc(-4% \/ 2 );margin-right: calc(-4% \/ 2 );\"><div class=\"fusion-layout-column fusion_builder_column fusion-builder-column-0 fusion_builder_column_1_1 1_1 fusion-flex-column\" style=\"--awb-bg-size:cover;--awb-width-large:100%;--awb-margin-top-large:0px;--awb-spacing-right-large:1.92%;--awb-margin-bottom-large:0px;--awb-spacing-left-large:1.92%;--awb-width-medium:100%;--awb-spacing-right-medium:1.92%;--awb-spacing-left-medium:1.92%;--awb-width-small:100%;--awb-spacing-right-small:1.92%;--awb-spacing-left-small:1.92%;\"><div class=\"fusion-column-wrapper fusion-flex-justify-content-flex-start fusion-content-layout-column\"><div class=\"fusion-text fusion-text-1\"><h1>K\u00fclt\u00e9ri g\u0151zf\u00fcrd\u0151k \u00e1rjegyz\u00e9ke<\/h1>\n<h2>Luxus a kertben vagy a medence mellett.<\/h2>\n<p>Az al\u00e1bbiakban let\u00f6lthet\u0151 PDF form\u00e1tumban tal\u00e1lja az exkluz\u00edv szabadt\u00e9ri g\u0151zf\u00fcrd\u0151k aktu\u00e1lis \u00e1rait.<\/p>\n<\/div><div class=\"fusion-text fusion-text-2\"><h2>K\u00e9zzel k\u00e9sz\u00edtett luxus az ausztriai SOLEUM gy\u00e1rb\u00f3l<\/h2>\n<p>Sok \u00f3r\u00e1nyi finom k\u00e9zm\u0171ves munka \u00e9s kiv\u00e1l\u00f3 min\u0151s\u00e9g\u0171 technol\u00f3gia olyan term\u00e9ket hoz l\u00e9tre, amely nemcsak vizu\u00e1lisan, hanem teljes funkci\u00f3j\u00e1ban is leny\u0171g\u00f6z\u0151.<\/p>\n<p>Ellent\u00e9tben egy luxusaut\u00f3val, amely nagyon r\u00f6vid id\u0151n bel\u00fcl leker\u00fcl a gy\u00e1rt\u00f3sorr\u00f3l, h\u00f3napokra van sz\u00fcks\u00e9g\u00fcnk a kabinok elk\u00e9sz\u00edt\u00e9s\u00e9hez a befejez\u00e9sig.<\/p>\n<p><strong>Sok munkal\u00e9p\u00e9s<\/strong>, <strong>k\u00fcl\u00f6nb\u00f6z\u0151 szakm\u00e1k<\/strong> (\u00fcvegez\u0151k, burkol\u00f3k, villanyszerel\u0151k, programoz\u00f3k, asztalosok, v\u00edzvezet\u00e9k-szerel\u0151k) valamint a <strong>sz\u00e1rad\u00e1si id\u0151k<\/strong> hat\u00e1rozz\u00e1k meg a sz\u00e1ll\u00edt\u00e1si id\u0151t.<\/p>\n<p>Az <strong>Exkluz\u00edv csempe diz\u00e1jn<\/strong> a vev\u0151i ig\u00e9nyek szerint minden kabinban figyelembe vehet\u0151. Ez azt jelenti, hogy minden kabin egyedi lehet az \u00fcgyf\u00e9l sz\u00e1m\u00e1ra.<\/p>\n<p>A piacon jelenleg el\u00e9rhet\u0151 legjobb min\u0151s\u00e9g\u0171 k\u00fcls\u0151 bevonatot haszn\u00e1ljuk. A kabin k\u00fcls\u0151 homlokzata kiv\u00e1l\u00f3 min\u0151s\u00e9g\u0171, tart\u00f3s Fundermax homlokzati panelekb\u0151l k\u00e9sz\u00fcl. A panelek t\u00f6k\u00e9letesen be\u00e1ll\u00edthat\u00f3k a leg\u00fajabb CNC mar\u00f3g\u00e9pekkel.<\/p>\n<p>A kabin<strong>intelligens<\/strong>, vagyis t\u00e1volr\u00f3l is m\u0171k\u00f6dtethet\u0151 mobiltelefonnal vagy t\u00e1blag\u00e9ppel. <\/strong><\/p>\n<p>A<strong>luxus csemp\u00e9k<\/strong>et epoxi ragaszt\u00f3val \u00e9s<strong>sz\u00ednben \u00f6sszehangolt epoxi fug\u00e1z\u00f3val<\/strong> fektetik le.<\/p>\n<p>A kabinban a k\u00f6vetkez\u0151ket \u00e9lvezheti:<\/p>\n<ul>\n<li>G\u0151zf\u00fcrd\u0151<\/li>\n<li>Infrav\u00f6r\u00f6s h\u0151 (az eg\u00e9sz kabin tepid\u00e1rium)<\/li>\n<li>S\u00f3oldat bel\u00e9legz\u00e9se (thalassoter\u00e1pia)<\/li>\n<li>Zene<\/li>\n<li>Sz\u00ednes f\u00e9ny<\/li>\n<\/ul>\n<p>opcion\u00e1lisan el\u00e9rhet\u0151: L\u00e1sd a tartoz\u00e9kokat az \u00e1rlist\u00e1ban (OPCI\u00d3K)<\/p>\n<\/div><div class=\"fusion-separator fusion-full-width-sep\" style=\"align-self: center;margin-left: auto;margin-right: auto;margin-top:50px;margin-bottom:100px;width:100%;\"><div class=\"fusion-separator-border sep-double sep-solid\" style=\"--awb-height:20px;--awb-amount:20px;border-color:#b9afa1;border-top-width:1px;border-bottom-width:1px;\"><\/div><\/div><div class=\"fusion-text fusion-text-3\"><p><a href=\"https:\/\/soleum.com\/wp-content\/uploads\/2024\/11\/PREISLISTE-AUSSENDAMPFBAEDER_2024-DE.pdf\">Preisliste Luxus-Aussendampfb\u00e4der 2024 , DEUTSCH, exklusive MWSt.<\/a><\/p>\n<p><a href=\"https:\/\/soleum.com\/wp-content\/uploads\/2024\/11\/PRICELIST-OUTDOOR-SPA-EN_2024.pdf\">Price List Luxury Outdoor-Steam-SPA 2024, ENGLISH, excl. VAT<\/a><\/p>\n<p><a href=\"https:\/\/soleum.com\/wp-content\/uploads\/2024\/11\/Abmessungen_Dimensions_OMEGA_EGG_ELLIPSE.pdf\">Abmessungen \/ Dimensions DE \/ EN<\/a><\/p>\n<\/div><\/div><\/div><\/div><\/div>\n","protected":false},"excerpt":{"rendered":"","protected":false},"author":1,"featured_media":16374,"parent":0,"menu_order":0,"comment_status":"closed","ping_status":"closed","template":"","meta":{"_exactmetrics_skip_tracking":false,"_exactmetrics_sitenote_active":false,"_exactmetrics_sitenote_note":"","_exactmetrics_sitenote_category":0,"footnotes":""},"class_list":["post-16723","page","type-page","status-publish","has-post-thumbnail","hentry"],"_links":{"self":[{"href":"https:\/\/soleum.com\/hu\/wp-json\/wp\/v2\/pages\/16723","targetHints":{"allow":["GET"]}}],"collection":[{"href":"https:\/\/soleum.com\/hu\/wp-json\/wp\/v2\/pages"}],"about":[{"href":"https:\/\/soleum.com\/hu\/wp-json\/wp\/v2\/types\/page"}],"author":[{"embeddable":true,"href":"https:\/\/soleum.com\/hu\/wp-json\/wp\/v2\/users\/1"}],"replies":[{"embeddable":true,"href":"https:\/\/soleum.com\/hu\/wp-json\/wp\/v2\/comments?post=16723"}],"version-history":[{"count":0,"href":"https:\/\/soleum.com\/hu\/wp-json\/wp\/v2\/pages\/16723\/revisions"}],"wp:featuredmedia":[{"embeddable":true,"href":"https:\/\/soleum.com\/hu\/wp-json\/wp\/v2\/media\/16374"}],"wp:attachment":[{"href":"https:\/\/soleum.com\/hu\/wp-json\/wp\/v2\/media?parent=16723"}],"curies":[{"name":"wp","href":"https:\/\/api.w.org\/{rel}","templated":true}]}}

Kültéri gőzfürdők árjegyzéke

<div class="fusion-fullwidth fullwidth-box fusion-builder-row-1 fusion-flex-container nonhundred-percent-fullwidth non-hundred-percent-height-scrolling" style="--awb-border-radius-top-left:0px;--awb-border-radius-top-right:0px;--awb-border-radius-bottom-right:0px;--awb-border-radius-bottom-left:0px;--awb-flex-wrap:wrap;" ><div class="fusion-builder-row fusion-row fusion-flex-align-items-flex-start fusion-flex-content-wrap" style="max-width:1216.8px;margin-left: calc(-4% / 2 );margin-right: calc(-4% / 2 );"><div class="fusion-layout-column fusion_builder_column fusion-builder-column-0 fusion_builder_column_1_1 1_1 fusion-flex-column" style="--awb-bg-size:cover;--awb-width-large:100%;--awb-margin-top-large:0px;--awb-spacing-right-large:1.92%;--awb-margin-bottom-large:0px;--awb-spacing-left-large:1.92%;--awb-width-medium:100%;--awb-spacing-right-medium:1.92%;--awb-spacing-left-medium:1.92%;--awb-width-small:100%;--awb-spacing-right-small:1.92%;--awb-spacing-left-small:1.92%;"><div class="fusion-column-wrapper fusion-flex-justify-content-flex-start fusion-content-layout-column"><div class="fusion-text fusion-text-1"><h1>Kültéri gőzfürdők árjegyzéke</h1>
<h2>Luxus a kertben vagy a medence mellett.</h2>
<p>Az alábbiakban letölthető PDF formátumban találja az exkluzív szabadtéri gőzfürdők aktuális árait.</p>
</div><div class="fusion-text fusion-text-2"><h2>Kézzel készített luxus az ausztriai SOLEUM gyárból</h2>
<p>Sok órányi finom kézműves munka és kiváló minőségű technológia olyan terméket hoz létre, amely nemcsak vizuálisan, hanem teljes funkciójában is lenyűgöző.</p>
<p>Ellentétben egy luxusautóval, amely nagyon rövid időn belül lekerül a gyártósorról, hónapokra van szükségünk a kabinok elkészítéséhez a befejezésig.</p>
<p><strong>Sok munkalépés</strong>, <strong>különböző szakmák</strong> (üvegezők, burkolók, villanyszerelők, programozók, asztalosok, vízvezeték-szerelők) valamint a <strong>száradási idők</strong> határozzák meg a szállítási időt.</p>
<p>Az <strong>Exkluzív csempe dizájn</strong> a vevői igények szerint minden kabinban figyelembe vehető. Ez azt jelenti, hogy minden kabin egyedi lehet az ügyfél számára.</p>
<p>A piacon jelenleg elérhető legjobb minőségű külső bevonatot használjuk. A kabin külső homlokzata kiváló minőségű, tartós Fundermax homlokzati panelekből készül. A panelek tökéletesen beállíthatók a legújabb CNC marógépekkel.</p>
<p>A kabin<strong>intelligens</strong>, vagyis távolról is működtethető mobiltelefonnal vagy táblagéppel. </strong></p>
<p>A<strong>luxus csempék</strong>et epoxi ragasztóval és<strong>színben összehangolt epoxi fugázóval</strong> fektetik le.</p>
<p>A kabinban a következőket élvezheti:</p>
<ul>
<li>Gőzfürdő</li>
<li>Infravörös hő (az egész kabin tepidárium)</li>
<li>Sóoldat belélegzése (thalassoterápia)</li>
<li>Zene</li>
<li>Színes fény</li>
</ul>
<p>opcionálisan elérhető: Lásd a tartozékokat az árlistában (OPCIÓK)</p>
</div><div class="fusion-separator fusion-full-width-sep" style="align-self: center;margin-left: auto;margin-right: auto;margin-top:50px;margin-bottom:100px;width:100%;"><div class="fusion-separator-border sep-double sep-solid" style="--awb-height:20px;--awb-amount:20px;border-color:#b9afa1;border-top-width:1px;border-bottom-width:1px;"></div></div><div class="fusion-text fusion-text-3"><p><a href="https://soleum.com/wp-content/uploads/2024/11/PREISLISTE-AUSSENDAMPFBAEDER_2024-DE.pdf">Preisliste Luxus-Aussendampfbäder 2024 , DEUTSCH, exklusive MWSt.</a></p>
<p><a href="https://soleum.com/wp-content/uploads/2024/11/PRICELIST-OUTDOOR-SPA-EN_2024.pdf">Price List Luxury Outdoor-Steam-SPA 2024, ENGLISH, excl. VAT</a></p>
<p><a href="https://soleum.com/wp-content/uploads/2024/11/Abmessungen_Dimensions_OMEGA_EGG_ELLIPSE.pdf">Abmessungen / Dimensions DE / EN</a></p>
</div></div></div></div></div>
